base 6?
-52034105
-12e50 (base 15) to base 12
-2b0a0
What is -1f8c3 (base 16) in base 11?
-890a2
-1101011101001111 (base 2) to base 14
-16131
What is -b46419 (base 12) in base 6?
-140402433
What is -551322044 (base 6) in base 8?
-45516714
What is -3380a8 (base 12) in base 2?
-11001000110110000000
What is -184821 (base 13) in base 10?
-609948
Convert -30552254 (base 6) to base 15.
-127671
What is -1331211012 (base 4) in base 2?
-1111101100101000110
What is -101121212202 (base 3) in base 4?
-303003233
Convert 739159 (base 11) to base 3.
2020010101021
100111011101011010001 (base 2) to base 11
803503
What is -57512 (base 8) in base 11?
-17367
Convert -30230100313 (base 4) to base 5.
-1322431111
4532342 (base 8) to base 13
33c022
Convert 230001322201 (base 4) to base 15.
102ed87
Convert 123234101 (base 5) to base 2.
10010011000100100001
Convert 10100111010111101001001 (base 2) to base 14.
a2a961
-230302202 (base 4) to base 2
-101100110010100010
What is -113980 (base 11) in base 14?
-49caa
What is -124532215 (base 6) in base 9?
-4573332
What is 1100011001101011000 (base 2) in base 11?
258339
-4378757 (base 9) to base 14
-4544ad
What is 5031314 (base 6) in base 3?
110001210101
Convert 4924d (base 14) to base 9.
302260
Convert 25c538 (base 13) to base 3.
1201100220202
What is -13630 (base 16) in base 12?
-39b54
What is -1660232 (base 7) in base 10?
-233018
What is -929463 (base 10) in base 13?
-2670a2
Convert 20722365 (base 8) to base 9.
8306112
1095729 (base 10) to base 7
12212355
6481689 (base 10) to base 15
880779
Convert -101001100111101000101 (base 2) to base 11.
-8516a1
46121 (base 16) to base 10
287009
What is -12081ba (base 13) in base 2?
-10101010100000101011101
Convert -1110011101001101 (base 2) to base 14.
-17817
3101120110 (base 4) to base 7
10201231
Convert -349203 (base 11) to base 8.
-2071725
Convert -11739e (base 16) to base 4.
-10113032132
2030203322 (base 4) to base 5
121410423
-3271 (base 16) to base 12
-7581
Convert -9b9179 (base 12) to base 9.
-4604483
102430 (base 11) to base 5
20223410
Convert -12012121011 (base 3) to base 9.
-165534
What is 60140 (base 10) in base 7?
340223
What is -2a2504 (base 12) in base 2?
-10101101001001010100
Convert -25772e (base 15) to base 12.
-727bbb
What is -200100102201 (base 3) in base 9?
-610381
230250324 (base 6) to base 2
10000000110100100001100
Convert -82a71 (base 15) to base 10.
-414106
-31031130330 (base 4) to base 2
-1101001101011100111100
What is 1021102202200 (base 3) in base 10?
677799
321435025 (base 6) to base 5
2423301330
Convert -401155354 (base 6) to base 11.
-3911400
-3a9ac (base 13) to base 14
-2bba4
-1005c50 (base 15) to base 2
-101011100001101101100011
What is 11203023023 (base 4) in base 9?
2656538
What is 297ae8 (base 16) in base 10?
2718440
What is -310202133 (base 4) in base 6?
-4340143
What is 581660a (base 12) in base 6?
1403204014
1332302 (base 7) to base 9
287515
Convert 223011322132 (base 4) to base 3.
210020220202201
What is -23161b (base 12) in base 10?
-562487
Convert 92d76 (base 14) to base 2.
1010110011001011100
What is 167a57 (base 12) in base 3?
201122122211
86965 (base 11) to base 14
34038
3547405 (base 9) to base 7
22221203
What is -511840 (base 9) in base 8?
-1120163
-17546742 (base 8) to base 13
-b11588
-122212341 (base 5) to base 2
-10001110111010000010
-3c70e (base 16) to base 8
-743416
22220010000 (base 3) to base 13
61899
3a98 (base 11) to base 9
7250
What is 100110110011001110110101 (base 2) in base 6?
1002001233
Convert 30a90 (base 15) to base 12.
75330
What is -100001111100010010101 (base 2) in base 13?
-2cc31b
-2515220 (base 7) to base 8
-1167751
Convert 2693675 (base 10) to base 11.
157a886
What is -17120570 (base 8) in base 9?
-7425545
3280b7 (base 12) to base 5
201130211
Convert 596920 (base 10) to base 13.
17b90c
What is 21132535 (base 6) in base 16?
9714b
Convert 13102432 (base 5) to base 6.
2430512
Convert -750b (base 14) to base 6.
-233303
Convert -1121001233 (base 4) to base 12.
-15703b
What is 5323360 (base 7) in base 4?
2131121032
2a3b (base 12) to base 3
20210002
Convert 4431530 (base 10) to base 8.
20717252
What is 56669 (base 10) in base 14?
1691b
What is -16641403 (base 8) in base 6?
-215124243
What is -214171 (base 8) in base 16?
-11879
Convert 7a7b7 (base 12) to base 3.
22022101111
16760606 (base 9) to base 10
8424816
72505 (base 10) to base 2
10001101100111001
1309887 (base 10) to base 6
44024143
What is 210110221 (base 4) in base 3?
21120002021
-ca4026 (base 13) to base 11
-2754783
211112100210111 (base 3) to base 15
10b7e8a
What is 10b9b7 (base 15) in base 13?
21c703
44244300 (base 5) to base 11
242827
What is -10022122112000 (base 3) in base 4?
-12232303032
242263611 (base 7) to base 2
111001101000100101000111
14511663 (base 7) to base 4
11101032021
1e41e (base 15) to base 14
28016
10101313 (base 4) to base 5
1030102
What is -211344140 (base 5) in base 12?
-369678
Convert -1b71e (base 16) to base 11.
-77505
12d0ec (base 15) to base 6
31220310
What is 99de (base 16) in base 3?
2000000220
Convert -23a9db (base 15) to base 14.
-325d26
Convert 1100102210012 (base 3) to base 11.
44a911
What is -1166b0c (base 14) in base 16?
-7ee648
452413 (base 6) to base 3
1221100200
Convert -534352 (base 6) to base 5.
-2400042
What is -1a02759 (base 11) in base 6?
-200322140
Convert 2166416 (base 8) to base 7.
4654315
-387750 (base 10) to base 4
-1132222212
What is -21021121100202 (base 3) in base 16?
-3b0c63
What is 155994 (base 10) in base 4?
212011122
Convert -2223010100 (base 5) to base 7.
-56401164
-ab58 (base 16) to base 6
-535024
What is 2f731b (base 16) in base 3?
12211222122120
Convert -1c822 (base 15) to base 14.
-25c3b
-1012311 (base 10) to base 2
-11110111001001010111
-2054400 (base 6) to base 12
-4a400
What is 10111243123 (base 5) in base 6?
1003520043
Convert -130a310 (base 13) to base 11.
-3403251
231642 (base 7) to base 2
1010001000001100
What is -22011210101021 (base 3) in base 15?
-5ac9d1
-36175 (base 11) to base 13
-1a948
102102000100002 (base 3) to base 15
7eb4de
-428354 (base 11) to base 2
-10100111001000001100
What is 43034012 (base 6) in base 14?
24cb56
103210321 (base 4) to base 14
21317
Convert 1000101110001001101 (base 2) to base 12.
119465
What is -212095 (base 12) in base 11?
-327188
-1b030 (base 15) to base 11
-5aa64
-150e1d (base 16) to base 6
-45324141
Convert -211110012221 (base 3) to base 16.
-6be4e
-361416 (base 7) to base 3
-10022200110
What is 127b3a (base 14) in base 5?
130323242
What is 1010011000011011110001 (base 2) in base 14?
50bb45
What is -11332013210 (base 4) in base 16?
-17e1e4
Convert b0487 (base 16) to base 3.
1100200110210
1225422 (base 7) to base 5
20023432
What is 135731 (base 8) in base 16?
bbd9
What is -8ca75 (base 14) in base 16?
-5392f
41cc08 (base 13) to base 5
343322013
What is -359e1 (base 16) in base 14?
-5a06d
-536185 (base 9) to base 12
-134a58
What is -101101101110110001 (base 2) in base 5?
-21443223
Convert -20002222103 (base 4) to base 8.
-10025223
Convert 304455 (base 9) to base 10.
180437
What is 3134d (base 14) in base 7?
1002626
281bbd (base 14) to base 11
868948
-54305566 (base 7) to base 12
-1679744
Convert -1267e30 (base 15) to base 11.
-7523404
Convert -3002333443 (base 5) to base 11.
-33715a4
-3321420000 (base 5) to base 10
-7216875
Convert 10001100001011110 (base 2) to base 15.
163ee
Convert 50222602 (base 7) to base 4.
33312322321
Convert 1100220220001 (base 3) to base 10.
726733
Convert 11100100220212 (base 3) to base 13.
62b664
Convert 8917f (base 16) to base 2.
10001001000101111111
Convert -156473a (base 11) to base 5.
-1140432001
What is b7118 (base 12) in base 13?
8552c
Convert -1852682 (base 10) to base 11.
-1055a47
What is 10011110011000010 (base 2) in base 6?
1423230
What is -3511152 (base 6) in base 16?
-2c0cc
2515701 (base 9) to base 7
14430652
-110202221 (base 4) to base 7
-500204
Convert -150328c (base 14) to base 5.
-10104234104
-32bc73 (base 13) to base 16
-1244ea
-3957797 (base 12) to base 5
-10344024324
Convert -7527 (base 10) to base 9.
-11283
What is 101000220121 (base 3) in base 9?
330817
Convert -1a8273 (base 15) to base 12.
-524453
Convert -407a6 (base 11) to base 4.
-32202013
What is -111101100101111000111 (base 2) in base 16?
-1ecbc7
11201333330 (bas